v(o) = l(o) - 6*p(o). Determine v(-7).
-3
Let k(q) = -11*q + 1. Let z(n) = 23*n - 2. Let w(c) = 7*k(c) + 3*z(c). Suppose -180 = -2*r + 6*r. Let b = -46 - r. Calculate w(b).
9
Suppose p - 5*i - 15 = 0, 2*p + 5*i + 4 - 19 = 0. Suppose 5*x = -0*x + p. Let t(h) be the first derivative of 3*h**2/2 - 2*h - 35. Give t(x).
4
Let c(g) = 5*g - 38. Suppose -5*b + 55 = -3*h, -b = -0*b + 2*h + 2. Let s be c(b). Let f(r) be the first derivative of r**3/3 - r**2 + 3*r + 1. Give f(s).
3
Let b = -63 - -138. Let y = b - 74. Let f(r) = -25*r**2 + r. Calculate f(y).
-24
Let o = 176 - 180. Let x(k) = -k**3 - 4*k**2 - k + 4. Determine x(o).
8
Suppose 7*r = 2*r - 20. Let v(x) be the second derivative of -1 + 2*x**2 + 1/12*x**4 + 13*x + 5/6*x**3. Calculate v(r).
0
Let p(m) be the third derivative of m**4/24 + 3*m**3/2 - 793*m**2. Determine p(-8).
1
Let s(k) be the first derivative of 5*k**3/3 - k - 1. Suppose 5 = -5*i + 2*z, 10*z = -4*i + 7*z + 19. Calculate s(i).
4
Let y(p) = -p + 12. Let v = -13 - -31. Let q be (20/15)/(4/v). Give y(q).
6
Suppose -13 - 27 = 5*v. Let b = v + 5. Let d(p) = p**2 + 2*p - 2. Let o(n) = -4*n**2 - 8*n + 7. Let m(l) = 9*d(l) + 2*o(l). What is m(b)?
-1
Let y(n) be the first derivative of n**3/3 + 3*n**2 + 7*n + 1. Let f(c) = 2*c**2 - 31*c - 19. Let o be f(16). Let l be (6/(-7))/(o/(-21)). Give y(l).
7
Let p(z) be the third derivative of -z**4/4 + z**3/2 + 2*z**2 - 29. Give p(3).
-15
Let m(g) = -g + 1. Let a(f) = f - 1. Let n = -33 + 31. Let b(c) = n*a(c) - 4*m(c). Calculate b(-2).
-6
Let x(u) be the first derivative of 1/3*u**3 + u - 3/2*u**4 + 5 + 1/2*u**2. Determine x(-1).
7
Let f(u) = u**3 - 11*u**2 + 4*u + 15. Let p be f(11). Let m(r) = p - 24 + 3*r**3 - 27 - 2*r**3 - r**2. Calculate m(0).
8
Let b(u) = u**2 - 5*u + 5. Let x(w) = 1. Let z(i) = b(i) - 6*x(i). What is z(4)?
-5
Let c(i) be the first derivative of -i - 1/6*i**3 + 1 + 0*i**2. Let v(f) be the first derivative of c(f). Give v(5).
-5
Suppose 2*q = 0, -2*c + q + 12 = c. Let o(s) = s**3 - 4*s**2 + 5*s + 2. Calculate o(c).
22
Let x(a) = 72*a - 2. Let k be x(1). Suppose k = 3*c + 2*c. Suppose -5*b - c = -2*n, -3*n + 9*b - 4*b = -16. Let l(s) = -s**2 - 2*s + 3. What is l(n)?
-5
Let t = -2 - 10. Let k = -10 - t. Let g(d) = -k*d + 8 + 5*d - 7*d + 2*d. What is g(6)?
-4
Let u(l) = 2*l**2 + 2296 + 8*l**2 - l**3 - 8*l - 4582 + 2283. Give u(9).
6
Let h = 420 + -420. Let w(l) = -l**2 - 2*l + 4. What is w(h)?
4
Let z(i) = -7*i + 18. Suppose -4*j = 2*b + 3*b - 36, 4*j - 3*b - 4 = 0. Give z(j).
-10
Let n(u) = 6*u**3 - 5*u**2 - u - 5. Let m(q) = -5*q**3 + 4*q**2 + q + 4. Let l(c) = 4*m(c) + 3*n(c). Suppose -4*w = 3*z - 3 + 6, -4*z = 5*w + 4. Determine l(z).
3
Let d(c) = 2*c**2 + 2*c + 2. Let i(s) be the third derivative of -s**6/120 + s**5/12 - s**3/3 + 14*s**2. Let w be i(5). Calculate d(w).
6
Let h(b) = -b**3 - 6*b**2 + 7*b + 5. Suppose -8 - 13 = 3*j. Let v be h(j). Let r(k) = k**3 - 6*k**2 + 7*k - 2. What is r(v)?
8
Let f(a) = -5*a**2 - 7*a - 4. Let b(v) = 11*v**2 + 18*v + 9. Let p(h) = -2*b(h) - 5*f(h). Calculate p(1).
4
Let i(g) = g**2 - 90 + 90 - 5*g. Let x be 93/(-9) - 3/(-9). Let u = -4 - x. Calculate i(u).
6
Let k(a) be the third derivative of 13*a**4/24 - a**3/6 + 42*a**2. What is k(-1)?
-14
Let n(b) = 41*b + 291. Let q be n(-7). Let j(y) be the second derivative of 0 + 1/20*y**5 - 1/2*y**q + 13*y - 3*y**2 + 1/3*y**3. Give j(6).
6
Let b be (-1 - -1)/(-11 + 9). Suppose 3*h - 6 = 0, r - 4*h + b = -3. Let v(c) = 8*c + 7 - r*c - 8. Determine v(3).
8
Let k(i) = i**2 + 3*i - 2. Let r = 19 - 21. Let a be k(r). Let n be (4/a - -1) + -6. Let f(l) = l**3 + 5*l**2 - 8*l. Calculate f(n).
12
Let j be 0/(-1 + 4) - -180. Let l be (-4)/(-18) - j/81. Let o(t) be the first derivative of -t**4/4 - 2*t**3/3 + t**2/2 + t + 1. Calculate o(l).
-1
Let p(t) = -6*t**2 - 23*t + 25. Let s be p(1). Let k(b) = -b**3 - 5*b**2 - 2*b + 6. Determine k(s).
-2
Let x(h) = 27*h + 21. Let l(k) = -31*k - 24. Let g(w) = 5*l(w) + 6*x(w). Calculate g(-6).
-36
Let g(w) be the second derivative of -w**5/20 - w**4 + 2*w**2 - 223*w. Calculate g(-12).
4
Suppose -26*o + 107 + 101 = 0. Let g(f) = -f**2 + 9*f + 4. What is g(o)?
12
Suppose -u + 3 = 6. Let m(j) = 11*j**2 + 23*j - 7. Let v(s) = -4*s**2 - 8*s + 2. Let y(f) = u*m(f) - 8*v(f). What is y(-6)?
-1
Let g(o) be the second derivative of 3/2*o**2 - 2/3*o**3 + 0 - 8*o + 1/12*o**4. Give g(5).
8
Let g(h) = -4410 + h + 4410. What is g(-8)?
-8
Let n be 2*(10/(-4) - -2). Let r(k) = -27 + 4 + 16 + 2*k**2 + 6 + 4*k**3. Calculate r(n).
-3
Let f(c) = -c**2 - c + 2. Suppose -9*h = 3*h + 156. Let i = h + 9. Give f(i).
-10
Let k be (-430)/70 + (1 - 12/14). Let d(x) = -2*x + x**2 - 2 + 9*x - 1. What is d(k)?
-9
Let t(v) = -36*v + 42. Let h(g) = -12*g + 12. Let j(s) = 21*h(s) - 6*t(s). Give j(-2).
72
Let y(v) = v - 4. Let h be y(6). Suppose 3*a = -5*t - 11, -6*a + 4*t = -h*a - 28. Suppose -32 = o + a*o. Let m(n) = n**2 + 8*n + 4. Give m(o).
4
Let u(v) = 6*v + 1. Let a(j) = -7*j. Let f(z) = 5*a(z) + 6*u(z). Let q be f(2). Let l(x) = x**3 - 9*x**2 + 7*x - 11. Give l(q).
-19
Let d(r) = 8*r**3 + 11*r**2 - 16*r - 16. Let o(n) = 3*n**3 + 6*n**2 - 8*n - 8. Let t(v) = -2*d(v) + 5*o(v). What is t(7)?
-15
Let n = -66 - -78. Suppose 2*s = -3*s + 10. Let b(z) = n*z**2 - 11*z**2 - 2*z**s + 7*z. Give b(6).
6
Let j(g) = -11*g**2 + g - 1. Let u be j(-1). Let i = 14 + u. Let v(d) be the second derivative of -13*d**5/20 + d**3/3 - d**2/2 - 4*d. Determine v(i).
-12
Let i(r) = r - 1. Let n be i(2). Let c(z) = 29*z**2 - 7*z - 4. Let l(f) = 10*f**2 - 2*f - 1. Let d(j) = 2*c(j) - 7*l(j). What is d(n)?
-13
Let l(u) = -u - 2. Let d be 5 + -12 + 0 + 1. Let s(v) = 2*v + 3. Let g(a) = d*s(a) - 11*l(a). Let j be 2 - (-6 + 3 - 0). Give g(j).
-1
Let l(a) be the second derivative of 0 + 1/2*a**4 - 13*a - 7/2*a**2 - 1/20*a**5 - 1/2*a**3. Give l(5).
3
Let b(f) = -f + 7. Let m(y) be the second derivative of -y**4/12 + y**3 - 9*y**2/2 + 10*y. Let o be m(3). What is b(o)?
7
Let b(w) = w - 31 + 21 + 14. Calculate b(-4).
0
Let v(z) = -1 - z**2 + 2*z**2 - 8*z + 7. Suppose -4*n + 21 + 51 = 0. Let o = 24 - n. What is v(o)?
-6
Let u(h) be the second derivative of -h**6/360 + h**5/15 + h**4/12 - 3*h**3/2 - 9*h. Let f(c) be the second derivative of u(c). Determine f(7).
9
Let d(g) = -2*g**2 - g - 2. Suppose -5*u - 15 = -l, -u + 2*l - 27 = -3*l. Calculate d(u).
-8
Let z(c) = -c**3 - c**2 - 3*c - 3. Let a(y) = -5*y**2 - 41*y - 10. Let r be a(-8). What is z(r)?
7
Let m(h) = 5*h - 44. Let j(f) = 2*f - 7. Let b(s) = -5*j(s) + m(s). Give b(8).
-49
Let l(b) = 27*b + 2. Let r(w) = 10*w + 1. Let f(o) = 3*l(o) - 8*r(o). Give f(5).
3
Let o(g) = 10*g + 10*g - 5 - 28*g - g**3 + 10*g + 4*g**2. Calculate o(4).
3
Let j(t) = t**2 + 19*t + 45. Let d be j(-16). Let l(z) = 2*z**3 + z**2 - 4*z - 4. Determine l(d).
-37
Let r(f) be the third derivative of -f**4/24 - f**3/6 + 9*f**2. Suppose 0 = 5*s - 24 + 4. Determine r(s).
-5
Let j(i) be the third derivative of i**6/120 + 7*i**5/60 + i**4/6 + i**3/2 + i**2. Suppose 0 = 8*v + 11 - 67. Suppose -42 = v*n - 0*n. Determine j(n).
15
Let t(k) = -k**2 + 4*k - 1. Let u be 6*(-4)/(-24)*-3. Give t(u).
-22
Let d(h) = -6*h - 7. Let y = 670 - 673. What is d(y)?
11
Suppose 0 - 24 = -4*p. Let d(x) be the first derivative of -2*x**3 + 3 - x**2 + 7*x + 1/4*x**4. What is d(p)?
-5
Let x(k) = k. Let l be x(-3). Let t(d) = -5*d**2 + 1. Let p(m) = 5*m**2 - m - 2. Let z(o) = l*t(o) - 2*p(o). What is z(-1)?
4
Let x(r) = -9 + 2 + 92*r**2 + 11*r - 174*r**2 + 84*r**2. What is x(-8)?
33
Let p be (-57)/(-36)*2 + -7 + 4. Let i(t) be the second derivative of -1/6*t**3 + 0*t**2 + t + 0 + 1/10*t**5 - p*t**4. Give i(-1).
-3
Let a(d) be the second derivative of d**3/2 + d**2/2 + 23*d - 2. What is a(-2)?
-5
Let n(g) = -g**2. Let m(z) = -6*z**2 + 10*z. Let k(s) = -s**2 + 2*s. Let h(f) = 11*k(f) - 2*m(f). Let b(d) = h(d) + 2*n(d). What is b(2)?
0
Suppose 4*w - 32 = -4*r - w, -r = -3*w + 9. Let o(s) = -3*s + 7. Let l be o(r). Let y(f) = 2 - 25*f**2 + 0*f**3 - 2*f + f**3 + 22*f**2 - 2*f**3. Calculate y(l).
2
Let t(i) be the first derivative of i**2/2 + i - 14. Suppose -3*f + f - 2 = 2*h, 5*h = 5*f + 5. Let k(w) = 4*w**2. Let a be k(f). Give t(a).
5
Suppose 2 = -f - 0. Let a be ((-153)/4)/(-9) + 2/(-8). Let m(v) = -v + 2. Let r(s) = 2*s**2 - 3*s + 